base 7?
3031112
Convert 110230201201 (base 4) to base 14.
a131bb
2220212100102 (base 3) to base 6
53134315
-10000000010100001 (base 2) to base 7
-362352
-214333 (base 9) to base 11
-88066
10010101000100101001 (base 2) to base 5
124014401
Convert 283386 (base 9) to base 6.
3413210
Convert 3202124 (base 5) to base 2.
1101000010100110
-a08878 (base 12) to base 6
-125353432
What is 100535 (base 9) in base 12?
2a512
Convert d349 (base 14) to base 15.
ab6a
What is -1716704 (base 8) in base 11?
-311014
-ba6c (base 15) to base 5
-2230402
Convert -376750 (base 12) to base 7.
-10450620
-1230200110 (base 4) to base 10
-444436
Convert 12689 (base 15) to base 9.
88653
97e169 (base 15) to base 3
111121122101000
1302320023 (base 4) to base 14
c369d
What is 17e8a (base 15) in base 8?
227332
Convert 6524445 (base 7) to base 11.
4a4329
-1a9692 (base 13) to base 3
-1021102210001
Convert -39266 (base 11) to base 8.
-155630
What is 122220011022 (base 3) in base 7?
2664614
What is 1116015 (base 9) in base 7?
5053316
Convert -44777 (base 10) to base 14.
-12465
24000455 (base 6) to base 9
1357218
What is 112203123103 (base 4) in base 10?
5912275
What is -3035a3 (base 11) in base 4?
-1313012320
-22043331 (base 6) to base 2
-10100000111011000111
-153c5 (base 14) to base 13
-1b100
What is 2204412 (base 7) in base 3?
111202001010
What is -3862875 (base 11) in base 2?
-11001100010011011111001
What is 1354046 (base 7) in base 9?
305845
Convert -2044363 (base 11) to base 12.
-125b782
21ccab (base 13) to base 10
799680
Convert -7fa26 (base 16) to base 14.
-d8742
-304211 (base 12) to base 4
-2320000231
What is 327716 (base 8) in base 13?
3b413
4100404 (base 5) to base 11
45424
Convert 103030320001 (base 4) to base 16.
4cce01
What is 11211010110012 (base 3) in base 13?
6b8a87
-8b38a (base 14) to base 11
-211125
-1e44a (base 15) to base 13
-35cb6
What is -110611 (base 7) in base 4?
-10300312
What is 121001310 (base 4) in base 16?
19074
What is 33323333 (base 5) in base 8?
1072767
What is -39700 (base 10) in base 14?
-1067a
610854 (base 12) to base 4
11301313000
Convert 4405005 (base 6) to base 16.
356bd
What is 62a24d (base 15) in base 16?
47973d
256368 (base 9) to base 11
a6989
1534040 (base 7) to base 8
632557
-158415 (base 11) to base 3
-110110122001
What is 323454224 (base 6) in base 4?
112002131020
31c743 (base 13) to base 10
1170042
-32013132 (base 4) to base 12
-29566
What is -84a39a (base 13) in base 10?
-3107192
What is 151414000 (base 6) in base 4?
30003102300
What is -112111102011 (base 3) in base 15?
-5982a
What is -37486 (base 10) in base 12?
-1983a
-4170605 (base 8) to base 16
-10f185
Convert 241315 (base 6) to base 3.
1001220102
What is -19d88 (base 16) in base 10?
-105864
-10100010011000100010 (base 2) to base 3
-1020210101011
What is -1664201 (base 7) in base 4?
-321032000
What is -5548627 (base 11) in base 16?
-9483a3
What is 9386 (base 16) in base 9?
56722
What is 5495b (base 12) in base 13?
3bc63
Convert 24a9161 (base 12) to base 4.
123123132121
What is -30014220 (base 5) in base 11?
-150a86
22130002 (base 5) to base 15
3c087
Convert 4c487 (base 13) to base 12.
699ab
Convert -56170 (base 10) to base 4.
-31231222
Convert 10111011110111100 (base 2) to base 16.
177bc
What is 224d4c (base 14) in base 4?
10130223320
-3141321313 (base 5) to base 7
-110001535
2113034020 (base 5) to base 4
100320021010
Convert -91935 (base 11) to base 8.
-406123
Convert 2836675 (base 9) to base 12.
632865
What is -100011101100001110111 (base 2) in base 11?
-729757
2c80ad (base 15) to base 6
114053301
What is 509415 (base 11) in base 4?
3013221012
What is 16a2c (base 13) in base 9?
65561
What is 10111101001010011 (base 2) in base 3?
11220212002
2c88 (base 14) to base 2
1111100011000
Convert -3340336 (base 9) to base 2.
-110110110111101100110
What is 110000100111011100010 (base 2) in base 9?
2887234
-832367 (base 13) to base 11
-180086a
Convert -94097 (base 10) to base 7.
-541223
Convert -3431225 (base 9) to base 4.
-13003323230
Convert -2245277 (base 9) to base 14.
-237513
Convert 11553912 (base 10) to base 8.
54046170
853072 (base 9) to base 16
7be39
-223830 (base 12) to base 6
-15405300
6306516 (base 7) to base 8
2711547
What is -2027720 (base 11) in base 8?
-15525176
1111001011101001011 (base 2) to base 10
497483
Convert 100310443 (base 5) to base 13.
11053a
What is -3788310 (base 11) in base 2?
-11001000100000011001110
Convert -1b43b2 (base 13) to base 8.
-2515170
-10110010322 (base 5) to base 6
-1003212355
Convert -131336 (base 8) to base 9.
-68727
11010010110110111100101 (base 2) to base 3
111000000221012
Convert 3c22c (base 13) to base 7.
645523
Convert -10311010300 (base 4) to base 6.
-43044544
What is 1110131313 (base 4) in base 7?
2640450
303ff (base 16) to base 7
1452120
13334a2 (base 14) to base 8
43264326
Convert -27249 (base 12) to base 15.
-10e93
Convert 21210011202 (base 3) to base 14.
3dba2
Convert -269633 (base 10) to base 15.
-54d58
What is -510106 (base 8) in base 9?
-275413
62c24 (base 15) to base 12
13132a
351032 (base 9) to base 12
a1b32
1558a58 (base 11) to base 15
378acc
2011142014 (base 5) to base 4
33101333330
What is 656f (base 16) in base 3?
1022121202
Convert -989aa (base 14) to base 11.
-23276a
What is 171b3 (base 16) in base 7?
542633
Convert 234471 (base 13) to base 16.
cc8c1
What is -111010222 (base 3) in base 10?
-9584
1022686 (base 9) to base 14
10329b
Convert 2400237 (base 8) to base 13.
19c4a7
What is -1656506 (base 8) in base 7?
-4050041
What is 4333819 (base 11) in base 9?
15301308
Convert 231147 (base 8) to base 2.
10011001001100111
Convert -10101110101011101001001 (base 2) to base 7.
-66436660
15a5962 (base 11) to base 9
5122246
Convert -a9c62 (base 16) to base 12.
-296516
What is 1250b5 (base 12) in base 5?
34032311
-d9a01 (base 15) to base 5
-134101001
-24202533 (base 7) to base 14
-4004c3
What is 10302130301 (base 4) in base 7?
13445345
Convert 2102212112 (base 3) to base 9.
72775
168608 (base 9) to base 6
2124525
What is 70955 (base 10) in base 3?
10121022222
24625 (base 8) to base 13
4acb
What is 18986b (base 14) in base 15?
12335b
Convert -1001202222 (base 4) to base 3.
-111122020220
Convert 207037 (base 9) to base 5.
12420420
-1020211442 (base 5) to base 10
-2116497
61362536 (base 7) to base 13
10a5781
-346889 (base 11) to base 9
-1028454
What is -33684 (base 15) in base 12?
-7a72a
Convert -2110101221220 (base 3) to base 8.
-4770673
10011000001110111111 (base 2) to base 4
2120032333
229889 (base 14) to base 2
100011111110011110001
1343441434 (base 5) to base 11
1a80352
Convert 34025534 (base 6) to base 5.
230432211
120220213 (base 4) to base 10
100903
-1122222120210 (base 3) to base 15
-12753c
-1000101101110011001001 (base 2) to base 4
-20231303021
12130303220 (base 4) to base 16
19cce8
Convert -10f735 (base 16) to base 14.
-20d2a9
What is -6654406 (base 9) in base 12?
-1247213
-116210 (base 7) to base 3
-1002022112
What is -100101111111011111100 (base 2) in base 15?
-198cee
Convert -361758 (base 9) to base 13.
-78218
What is -267f (base 16) in base 3?
-111112000
Convert 4622177 (base 9) to base 14.
48d273
What is -1817524 (base 11) in base 12?
-1049066
What is 100000201012011 (base 3) in base 10?
4796959
-244a61 (base 15) to base 7
-20523256
What is -11cb076 (base 13) in base 10?
-5565098
Convert -112121021120110 (base 3) to base 8.
-35465356
-245414 (base 8) to base 16
-14b0c
Convert -adc95b (base 14) to base 13.
-12c0198
Convert 193078a (base 12) to base 5.
2323220134
What is -67a158 (base 13) in base 9?
-4543557
Convert -101010011001011111 (base 2) to base 11.
-109526
4150542 (base 6) to base 11
128096
-4677161 (base 10) to base 9
-8717765
Convert 1adcda (base 15) to base 12.
5335b1
What is -345906 (base 11) in base 4?
-2012021123
183a556 (base 11) to base 2
1011111001001100101100
What is 100101101 (base 4) in base 8?
202121
What is 231b66 (base 14) in base 6?
41344302
356175 (base 12) to base 3
1121201202122
53018 (base 9) to base 3
1210000122
-74c6b (base 14) to base 12
-11747b
Convert ecaa (base 15) to base 2.
1100001110111110
Convert 121532165 (base 7) to base 9.
15305725
What is 1144302143 (base 5) in base 14?
510475
Convert 12101011020 (base 4) to base 2.
110010001000101001000
Convert 33232221131 (base 4) to base 13.
b14